. Suppose 0 = 20*w + 9*w - 145. Calculate u(w).
-6
Let j(h) be the second derivative of h**5/20 + h**4/3 - h**3/2 + 135*h. Give j(-5).
-10
Let g(z) = -z**2 + 3*z + 2. Let p be g(3). Let n be (-2)/4*(p - 2). Suppose -13*b + 10*b - 3 = n. Let x(y) = -6*y**3 - y**2 - y. Determine x(b).
6
Suppose 2*o = -o + 18. Let a(d) = 2*d**3 - 24*d**2 + 17*d + 4. Let q(v) = -v**3 + 13*v**2 - 9*v - 2. Let x(h) = 3*a(h) + 5*q(h). What is x(o)?
2
Suppose -30*g + 18 = -27*g. Let b(v) = v**2 - 3*v - 15. Let s be b(g). Let x(p) = p - 7. Calculate x(s).
-4
Let f(n) = -n**2 + 4*n + 4. Let i(w) = 44*w + 4 - 6 + 3 - 47*w. Suppose -16 - 4 = 4*t, 2*v = -5*t - 27. Let d be i(v). What is f(d)?
4
Let d(p) = -3*p - 8. Let t(b) = b + 4. Let s(i) = 2*d(i) + 5*t(i). Let k(r) = 2*r**2 - 8*r - 3. Let h be k(6). Suppose 5*m - h = -6. Give s(m).
1
Let g(i) = i**2 - 4. Let b(a) be the third derivative of -a**5/60 - 3*a**4/8 + 3*a**2. Let z be b(-9). Let c be z + 2 - (2 + 0). What is g(c)?
-4
Suppose 14 = -94*a + 99*a - c, -4*a + c + 12 = 0. Let s(n) = -n**3 + n**2 + 1. Determine s(a).
-3
Let p(k) = 2*k + 6. Let w be (6/2)/((-126)/168). Calculate p(w).
-2
Let z(j) = j**3 + 2*j**2 - j + 1. Let g = -1334 - -1332. What is z(g)?
3
Let n(j) = 6 - 6 - 3 + j. Let c be n(6). Let d(v) = -4 + 2*v + 3*v**2 + v**c + v + 3 - 8*v. Calculate d(-4).
3
Let p(r) = -2*r**3 - r - 4. Let d be -2 + 1/(-5 + 4). Let w(l) = 5*l**3 + 3*l + 11. Let x(s) = d*w(s) - 8*p(s). Determine x(-2).
-7
Let h(f) = f - 1. Let y(o) = 4*o - 4. Let s(j) = -j**3 + 14*j**2 - j + 16. Let a be s(14). Let q(n) = a*y(n) - 7*h(n). What is q(5)?
4
Let w = 57 + -55. Let f(n) = 5*n**2 + 4*n - 5*n + 16 + 0*n - 4*n**w. Determine f(0).
16
Let b(g) be the third derivative of g**4/6 - g**3 + g**2. Let f(p) = p**3 + 4*p**2 - 4*p + 7. Let s be f(-5). Let l be (-5)/((-10)/4) + s. Give b(l).
10
Let v(u) = -2*u**2 - u - 3. Let t(q) = -5*q**2 - 3*q + 44. Let p(j) = t(j) - 2*v(j). What is p(0)?
50
Let d(k) be the first derivative of -k**3/3 + 7*k**2/2 - 5*k + 182. Calculate d(7).
-5
Suppose -2*t = -4, 0*t - t = 5*l - 27. Suppose 4*k + 20 = 4*s, k + l = 4*s - 6. Let p(y) = -22*y - y**2 + y**3 + 0*y**2 + 1 - s + 20*y. Give p(2).
-1
Let w = -89 - -101. Suppose 32 = w*v - 16*v. Let z(s) = s**2 + 7*s - 6. Give z(v).
2
Let f(s) = -s + 4*s - 24 + 135 + s**2 - 113. Let j be 0 - (1 + 0 + 4). What is f(j)?
8
Let o(u) be the first derivative of 1/60*u**6 + 1/24*u**4 - 1/60*u**5 + 1 + 0*u - 5/2*u**2 - 1/6*u**3. Let c(v) be the second derivative of o(v). Give c(2).
13
Let z(t) be the second derivative of 1/12*t**4 + 2*t**2 - 3/2*t**3 + 0 - 38*t. Give z(7).
-10
Let b(k) be the second derivative of k**3/3 + 2*k**2 - 3*k + 65. Give b(2).
8
Let c(y) = y**3 + 6*y**2 - y + 3. Let b be 3 + ((-6)/(-4))/(4/(-24)). What is c(b)?
9
Let u(y) = -17 + 2*y**2 + 2*y**3 + 17. Let b = 2 + -4. Let i(a) = -a - 4. Let d be i(b). Determine u(d).
-8
Let j(s) = s + 2. Suppose -43*y = 9*y - 468. Determine j(y).
11
Let t(n) = n + 11. Suppose 0 = 7*s + 70 - 0. Let m be ((-14)/(-10))/(2/s). Give t(m).
4
Let m(t) be the second derivative of 1/6*t**4 + 3 - 3/2*t**2 - 4*t + 1/3*t**3. Suppose -4 = f - 1. Give m(f).
9
Let p(u) = -2*u + 9. Suppose -2*j = -6*j + 16, 5*j = -r + 27. Calculate p(r).
-5
Let k(o) be the third derivative of o**5/60 + o**4/12 + o**3/6 + 4*o**2. Let f = 6 + -6. Suppose f = -z - 4*z - 20. What is k(z)?
9
Let a(p) = 8*p. Let o(b) = -b**3 - 2*b**2 - 4*b - 9. Let q be o(-2). Calculate a(q).
-8
Let b(w) = w**2 + 1. Let t(j) = j**3 + 7*j**2 + 13*j - 15. Let o(u) = 5*b(u) + t(u). Determine o(-11).
-32
Let c(q) = 3*q**2 + q + 4. Let j(r) = r**2 - r + 1. Let m(g) = -c(g) + 2*j(g). Suppose 0 = -276*l - 72 - 1032. Calculate m(l).
-6
Let l(n) be the third derivative of 0 - 1/2*n**3 - 45*n**2 - 1/8*n**4 + 0*n. Determine l(-3).
6
Let z(g) = -g**2 + 6*g - 1. Let u be z(4). Let h(i) be the first derivative of i**3/3 - 4*i**2 - 3*i - 16. Give h(u).
-10
Let o be (-3)/(-2)*(-40)/(-30). Let d be (-2 + 5)*(8/(-3) + o). Let x(c) = -c**3 - c**2 + 2. Give x(d).
6
Let r(s) = 159*s - 53*s + 9*s**2 - 51*s - 52*s - 18 - s**3. What is r(9)?
9
Let u(f) = f**3 - 5*f**2 - 10. Suppose n - 2 = 0, -17 = -5*m - 2*n + 12. Determine u(m).
-10
Let n(q) = -q**2 - 8*q - 7. Let o be (-1 - 0)*(7 + -39). Suppose 0 = 4*d + o. Calculate n(d).
-7
Suppose 0 = 5*r + v - 32, -6*r + 5*r = -2*v - 2. Suppose 0 = -n + 2*a, -n + 2*a = 2*n. Let u(o) = 1 - 688*o + 689*o + n. What is u(r)?
7
Let c(u) = -7*u + 3. Let s(h) be the first derivative of h**2/2 - h + 6. Let j(k) = -c(k) - 6*s(k). Give j(-5).
-2
Let t(n) = 2*n**3 + 15*n**2 + 8*n + 3. Let k be t(-7). Let d(j) = 4*j**2 + 5*j + 4. Let b(x) = 3*x**2 + 4*x + 4. Let m(u) = -3*b(u) + 2*d(u). Determine m(k).
-12
Let t be 0/(-3) + 3 - 0. Let v be (-24)/20*(8 - t). Let j(k) = k**3 + 6*k**2 - 3*k - 9. What is j(v)?
9
Let a(d) = -5*d**3 - 2*d**2 - d - 2. Let n be -1 - ((-3)/(-18) + 15/18). Determine a(n).
32
Let u = 40 + -28. Let c be (u/10)/(4/10). Let a(m) = -4 - m + 6 - 1 - c. What is a(3)?
-5
Suppose -19 = -3*u + 2*j, -4*u + 0*u + 22 = -j. Let a(h) = h - u*h - 6*h + 5*h. What is a(-2)?
10
Let l(x) = x**2 + 5*x - 6. Let v = 24 - 0. Let a = -35 + v. Let f = -16 - a. Give l(f).
-6
Let f(p) = -13*p**2 - 27*p - 4. Let z(y) = 11*y**2 + 23*y + 2. Let j(m) = -5*f(m) - 6*z(m). Determine j(-3).
8
Let i = -52 + 50. Let n be (-2 - -3)/(i/(-10)). Let g(y) = -y**3 + 6*y**2 - 5*y - 2. Calculate g(n).
-2
Let k(i) = -4 - 3144*i - 1 + 3142*i. What is k(3)?
-11
Let x(d) = -3*d**2 + 2*d + 1. Let s(t) = 5*t**2 - 25*t - 18. Let w(y) = s(y) + 2*x(y). Determine w(-20).
4
Let v(b) = -3 + 4*b**2 - 1 - b + b**3 + 1. Let o be v(-4). Let n be (0 + -6)*o/2. Let x(j) = j**3 + 2*j**2 + j + 2. Give x(n).
-10
Let c(h) = -2*h**3 + 4*h**2 - 2*h - 2. Let v be 8/(-12)*(-18)/(-4). Let u be 111/(-74)*2*2/v. Give c(u).
-6
Suppose o - 4*w - 19 = 0, -5 - 3 = -4*o - w. Let x(y) = -3*y + 2*y - 12 + 6 + 7. Determine x(o).
-2
Let t(o) = -11 - 21*o**2 + 10*o - o**3 + 4*o**2 + 10*o**2 - 3*o. Let i be t(-8). Let m(p) be the first derivative of -p**2/2 - 4*p + 2. Give m(i).
-1
Let u(r) = 14*r**2 - 22*r + 13. Let x(c) = -3*c**2 + 5*c - 3. Let w(k) = -4*u(k) - 18*x(k). Give w(-3).
-10
Let l(m) = -5*m**2 + 4*m**2 + 0*m**2 - m + 2*m - 3. Let k(j) = j**2 + 7*j - 3. Let r be k(-8). Suppose -r*v = -v - 12. Determine l(v).
-9
Let w(c) = c**3 + 4*c**2 - 4*c + 1. Suppose -13*j - 6 = -16*j. Suppose -n - 4*u - j = -1, -16 = 3*n - u. What is w(n)?
-4
Let n = 1 - 3. Let g(r) = -3 + 36*r + 5 - 33*r. Calculate g(n).
-4
Let b(n) = 151 - 284 - n + 153 + 4*n. Determine b(-7).
-1
Suppose -c + 71 - 21 = 0. Let u(k) = k + 55 - 112 + c. Determine u(4).
-3
Let f(w) be the third derivative of -w**4/24 - 5*w**3/2 - 2*w**2 - 2. Give f(-8).
-7
Suppose -4*g + 5*v - 7*v = 2, g = -4*v - 11. Suppose 2*k + w - g = -2*w, -2 = -k - w. Let t(s) = 2*s + 6. What is t(k)?
16
Let f be (-48)/(-2 + 2/4). Let r(k) = f*k**2 - 31*k**2 - 3*k + 2 - 4*k + 0*k. Calculate r(5).
-8
Suppose -4*x = -x - 6. Let w(v) = 50*v + 60*v + 1 + 56*v + 60*v - 229*v. Determine w(x).
-5
Let m(c) = 8*c**2 + 7*c**3 - 11*c**2 - 4*c**2 + 11 - 6*c**3. Give m(6).
-25
Suppose i + 2*i - 12 = 0. Let h(v) = 9 - 7*v**2 + 3*v - 3*v**2 + 9*v**2 + i*v. What is h(8)?
1
Let o(b) = 3*b**2 - 23*b - 40. Let p(a) = -4*a**2 + 25*a + 39. Let y(k) = -3*o(k) - 2*p(k). Calculate y(21).
0
Let c(m) = m**3 + 16*m**2 + 15*m + 5. Let k be c(-15). Suppose -3*f + 2*j - 3*j = -9, -13 = -k*f - j. Let u(n) = -17*n + 13*n + 3*n**2 - 2*n**f. Calculate u(5).
5
Let x(m) = 9*m**3 - m**2 - m + 1. Let u be (9/15 - 0) + 84/35. Let d be 0/2 - (1 - 1). Suppose 3*n - 2*r - 11 + 0 = d, 5*n - 17 = u*r. Calculate x(n).
8
Let j(t) = t + 3. Let b(a) = -a**3 - 12*a**2 - 3*a - 38. Let z be b(-12). Determine j(z).
1
Suppose -5*n - 161 = 89. Let h = 30 + n. Let k be (-3)/2 + h/(-8). Let z(q) = -6*q**3 - q + 1. What is z(k)?
-6
Let u(v) = v**3 - 6*v**2 - v - 7. Let s(i) = -8*i**2 - 42*i - 3. Let j be s(-5). Calculate u(j).
35
Let c be (1 - 30/(-9)) + (-1)/3. Let a(v) = -c*v + v + v**2 - 3*v + 4*v - 2. What is a(-2)?
6
Suppose -2*j + 10 - 2 = 0. Let w(n) = 2*n**2 - 5 + n - n**2 - 5*n**2 + 3*n**2. Calculate w(j).
-17
Let a = 260 + -261. Let z(g) = -22*g**2 - g. What is z(a)?
-21
Let s(b) = b**2 + 8*b + 3. Let n = -275 + 272. Calculate s(n).
-